ase 5
-12311410
Convert 198371 (base 11) to base 3.
120102212220
Convert 103302101 (base 4) to base 9.
133145
Convert 121302013303 (base 4) to base 15.
8d7984
1045665 (base 8) to base 12
116b05
What is -1000101001010001101000 (base 2) in base 11?
-1308707
Convert 1011111212101 (base 3) to base 13.
18943c
What is 1011101001000010111100 (base 2) in base 12?
1032050
Convert 677471 (base 8) to base 3.
102122101001
Convert -31504311 (base 7) to base 10.
-2673840
Convert 11211000121201 (base 3) to base 16.
270d09
What is -244766 (base 10) in base 2?
-111011110000011110
Convert -4b92a (base 14) to base 8.
-552462
14d326c (base 14) to base 11
582a131
Convert -7d176 (base 14) to base 15.
-60509
What is -463667 (base 11) in base 4?
-2303321022
What is 36d7c2 (base 14) in base 4?
13023101132
What is 2321031011 (base 4) in base 12?
307005
6146245 (base 9) to base 3
20011120021112
Convert -4630d9 (base 14) to base 6.
-123121451
546be0 (base 15) to base 9
7510513
-14b6434 (base 12) to base 9
-7842254
1121012222 (base 4) to base 9
615572
Convert 211112111012001 (base 3) to base 13.
2634613
-100211222210210 (base 3) to base 5
-2320014122
-35f9c (base 16) to base 7
-1610363
What is 321014202 (base 5) in base 8?
5102637
Convert 320565a (base 11) to base 6.
320550411
Convert 14031 (base 10) to base 13.
6504
Convert -1233301332 (base 4) to base 11.
-292aa1
What is -695990 (base 10) in base 12?
-296932
Convert -64421 (base 11) to base 6.
-2001405
Convert -62157 (base 13) to base 7.
-1332060
What is 2411410442 (base 5) in base 14?
a51d99
225146 (base 7) to base 5
2241324
Convert -23222114 (base 5) to base 4.
-303133131
What is -2173072 (base 9) in base 15?
-181a75
What is 70c7 (base 14) in base 16?
4bb7
3706 (base 11) to base 4
1023232
-2440755 (base 9) to base 10
-1325939
Convert -151741 (base 9) to base 4.
-112300003
What is 6207a76 (base 11) in base 8?
51642236
What is 21033120330 (base 4) in base 8?
11173074
Convert 10a508 (base 12) to base 6.
5415212
What is -1111010000111011101 (base 2) in base 9?
-842115
What is -63216 (base 12) in base 4?
-133231302
What is 30325201 (base 7) in base 2?
1001101001000110110010
13320312031 (base 4) to base 2
111111000110110001101
-112440431 (base 5) to base 7
-4243540
6e024 (base 15) to base 11
21a812
What is 1111010100100010010 (base 2) in base 14?
d0d58
What is 112a2 (base 11) in base 9?
24350
Convert -233211131 (base 4) to base 14.
-51061
-421c5 (base 13) to base 10
-118968
-2564620 (base 7) to base 16
-51e3b
What is -327603 (base 9) in base 3?
-100221200010
-5754353 (base 11) to base 2
-100110011001000011110000
Convert -10405331 (base 6) to base 16.
-4c3b7
1646 (base 8) to base 14
4aa
-499729 (base 15) to base 13
-965688
What is 4bf4 (base 16) in base 6?
230004
Convert -4e432 (base 15) to base 6.
-5212345
What is -170362 (base 9) in base 3?
-12100102002
1663a4 (base 14) to base 3
1110220112012
What is 111871 (base 12) in base 8?
1024225
Convert -3885270 (base 9) to base 10.
-2123073
3312332 (base 9) to base 15
25250b
Convert 36235520 (base 7) to base 10.
3219314
What is 1031211021 (base 4) in base 12?
133a89
What is -1033301121 (base 4) in base 8?
-1176131
What is -122256 (base 8) in base 9?
-63742
a8624 (base 15) to base 6
15243054
What is 120000011221 (base 3) in base 4?
1020013102
Convert 10101100100101011000 (base 2) to base 14.
145892
-743177 (base 8) to base 3
-110120101211
What is -20004342 (base 5) in base 14?
-41235
Convert -200202222101 (base 3) to base 7.
-3066340
-1112143 (base 6) to base 14
-166bd
What is 12120020101 (base 3) in base 16?
1abd2
Convert 1330469 (base 13) to base 16.
5bf77e
Convert -2013b7 (base 15) to base 10.
-1522972
1201431 (base 5) to base 9
33303
Convert 11215024 (base 6) to base 13.
c0a8a
-28fb0 (base 16) to base 15
-34b06
Convert -3555 (base 8) to base 2.
-11101101101
-1226894 (base 15) to base 2
-110001101101110101101110
-14c623 (base 15) to base 6
-33303010
-130032333 (base 5) to base 7
-5221424
-132624 (base 7) to base 9
-37266
What is -70672502 (base 8) in base 14?
-1da0678
40102432 (base 5) to base 15
63962
Convert 2032000 (base 7) to base 16.
3b5f3
Convert -152005126 (base 7) to base 11.
-5792005
Convert -200e2e (base 16) to base 7.
-23566505
What is -1130231411 (base 5) in base 11?
-1507297
Convert -1295e2 (base 16) to base 11.
-76212a
What is -386880 (base 10) in base 2?
-1011110011101000000
Convert -554711 (base 10) to base 6.
-15520035
1543a67 (base 11) to base 3
11222011022002
-101120121201112 (base 3) to base 10
-5621846
What is 13430 (base 9) in base 14?
345d
Convert -a36b8 (base 13) to base 8.
-1074766
3311021302 (base 4) to base 16
f5272
13212301033 (base 4) to base 3
10202021222201
Convert -253075 (base 9) to base 15.
-305a8
Convert -96651b (base 12) to base 16.
-243d67
11770 (base 11) to base 12
9940
Convert -4157665 (base 8) to base 4.
-10031332311
Convert -3c20 (base 15) to base 9.
-18563
-41336a (base 11) to base 13
-1a2b94
What is 122012021102 (base 3) in base 12?
143a48
144303 (base 15) to base 14
1b59c1
-70821 (base 11) to base 6
-2115022
What is -113233433 (base 6) in base 3?
-10222200210010
What is 914866 (base 10) in base 12?
38152a
What is -77237 (base 8) in base 6?
-410023
-105365516 (base 7) to base 13
-143a134
Convert c41a4 (base 13) to base 2.
1010101111001001111
-6103872 (base 10) to base 7
-102611355
What is -29b77 (base 13) in base 10?
-78852
Convert 13c72 (base 16) to base 10.
81010
What is 5707 (base 13) in base 10?
12175
64001 (base 9) to base 12
20577
What is -1352325122 (base 6) in base 14?
-22d0c78
What is 1352351 (base 8) in base 7?
3151146
What is 299ca (base 14) in base 16?
1942e
Convert -1512113 (base 6) to base 13.
-30981
-1001001101100100001001 (base 2) to base 6
-123431521
Convert -12442410 (base 5) to base 8.
-363472
Convert 2a384 (base 11) to base 16.
a827
Convert 141835 (base 12) to base 7.
2562536
Convert -10bb5 (base 13) to base 12.
-15834
-4061 (base 14) to base 4
-2230311
-4654388 (base 9) to base 15
-34a7a2
What is -26b562 (base 12) in base 7?
-5312243
31b531 (base 15) to base 2
1001000001111001000110
177334 (base 14) to base 3
1112222212000
63333 (base 7) to base 13
7146
Convert -220120233 (base 5) to base 2.
-11100101111101110111
What is -110001101000001111000111 (base 2) in base 4?
-301220033013
What is 1000001100101001010101 (base 2) in base 5?
1022231244
Convert 20201012212 (base 3) to base 10.
132107
What is 1c7971 (base 16) in base 12?
75bb01
83d161 (base 15) to base 11
35a35aa
-203b48 (base 15) to base 10
-1531418
Convert -4024533 (base 6) to base 12.
-92149
a5228 (base 11) to base 14
3dc49
What is -461873 (base 9) in base 16?
-43a0d
What is 43401333 (base 5) in base 8?
1326575
What is 100001101110001101010 (base 2) in base 10?
1105002
What is -10260028 (base 9) in base 10?
-4940459
Convert 3305144 (base 7) to base 4.
1202322230
What is 12304636 (base 7) in base 11?
69974a
398992 (base 13) to base 11
86a488
Convert -110100011000111101000 (base 2) to base 4.
-12203013220
1000221012112 (base 3) to base 12
22621b
163388 (base 10) to base 2
100111111000111100
What is -33023002 (base 4) in base 5?
-3442041
Convert -57325173 (base 8) to base 6.
-1122230015
121101013 (base 5) to base 13
16a68b
Convert 1de8a (base 16) to base 6.
2343054
Convert 362116 (base 15) to base 3.
11212112021010
-1110111011110101 (base 2) to base 9
-102820
Convert -185723 (base 10) to base 3.
-100102202122
What is 10022000200 (base 3) in base 11?
4483a
Convert 32032210 (base 6) to base 8.
3447056
What is 2021222011 (base 3) in base 2?
1011000001110111
1121001212212 (base 3) to base 12
34a712
What is -7595087 (base 10) in base 13?
-175c046
2011122 (base 6) to base 14
2680a
-1145041 (base 6) to base 12
-2b181
Convert -1000200010 (base 3) to base 15.
-5e9c
What is -100123321033 (base 4) in base 5?
-2100333214
What is -2649739 (base 10) in base 2?
-1010000110111010001011
-1024421443 (base 5) to base 4
-20111222101
-a5c60 (base 13) to base 14
-7abdb
What is -14113231 (base 5) in base 2?
-100011010110110000
b226e (base 15) to base 2
10001001101111010011
-52db0 (base 16) to base 7
-2612302
What is 226b09 (base 15) in base 16?
1910ee
What is -10bec (base 16) in base 6?
-1245312
What is -11110001111110111011 (base 2) in base 3?
-1212100121202
What is 7054013 (base